{"id":134,"date":"2015-12-10T17:57:57","date_gmt":"2015-12-10T15:57:57","guid":{"rendered":"http:\/\/tienaukaisijat.vapaakirkko.com\/?page_id=134"},"modified":"2021-08-25T00:54:00","modified_gmt":"2021-08-24T21:54:00","slug":"evankelista-sari-matikainen","status":"publish","type":"page","link":"https:\/\/tienaukaisijat.vapaakirkko.com\/?page_id=134","title":{"rendered":"Evankelista Sari Matikainen"},"content":{"rendered":"<p><a href=\"https:\/\/tienaukaisijat.vapaakirkko.com\/wp-content\/uploads\/SariMatikainen-1.jpg\" target=\"_blank\" rel=\"noopener\"><img loading=\"lazy\" decoding=\"async\" class=\"alignright wp-image-678 size-medium\" src=\"https:\/\/tienaukaisijat.vapaakirkko.com\/wp-content\/uploads\/SariMatikainen-1-163x300.jpg\" alt=\"\" width=\"163\" height=\"300\" srcset=\"https:\/\/tienaukaisijat.vapaakirkko.com\/wp-content\/uploads\/SariMatikainen-1-163x300.jpg 163w, https:\/\/tienaukaisijat.vapaakirkko.com\/wp-content\/uploads\/SariMatikainen-1.jpg 522w\" sizes=\"auto, (max-width: 163px) 100vw, 163px\" \/><\/a>Tervehdys yst\u00e4v\u00e4t!<\/p>\n<p>Miun nimi on Sari Matikainen.<\/p>\n<p>Uskoon tulin 19-vuotiaana. Ja siit\u00e4 l\u00e4htien olen Herran kanssa vaeltanut. Moni teist\u00e4 on kuullutkin el\u00e4m\u00e4ntiest\u00e4ni, joka on ollut pitk\u00e4 ja tuskallinen. Jumalan m\u00e4\u00e4r\u00e4ajat ovat kuitenkin aina oikeat ja t\u00e4ydelliset. H\u00e4n puhdisti ja vapautti miunkin rikkin\u00e4isen sisimp\u00e4ni, reilun 20 vuoden huutamisen j\u00e4lkeen, pime\u00e4n ja tuskaisen ajanjakson p\u00e4\u00e4tteeksi. Siit\u00e4 en voi t\u00e4n\u00e4 p\u00e4iv\u00e4n\u00e4 kuin kiitt\u00e4\u00e4 Herraani Jeesusta, ett\u00e4 H\u00e4n minua niin armahti. Sis\u00e4isist\u00e4 haavoista ja traumoista parantuminen on yleens\u00e4 pitk\u00e4 prosessi, sen sain itsekin huomata. Ja moni asia j\u00e4\u00e4 usein vastausta vaille.<\/p>\n<p>T\u00e4rkein vastaus meille on kuitenkin annettu. Ja h\u00e4n on ristill\u00e4 syntimme sovittanut Jeesus Kristus, Jumalan Poika. H\u00e4net opin tuntemaan noina ahdistuksen vuosinani ja opin tiet\u00e4m\u00e4\u00e4n mit\u00e4 tosi Rakkaus on. Rakkaus on Persoona, H\u00e4n on Jeesus! H\u00e4n pysyi vierell\u00e4ni, H\u00e4n nosti, auttoi ja kantoi minua kaikki nuo vuodet. Ilman H\u00e4nt\u00e4 en olisi t\u00e4ss\u00e4 t\u00e4n\u00e4\u00e4n. Kiit\u00e4n H\u00e4nt\u00e4 siit\u00e4, ett\u00e4 H\u00e4n juurrutti minut itseens\u00e4 noina vaikeina vuosina ja opetti minulle rakkauden alkeita. Min\u00e4 huusin ja syytin H\u00e4nt\u00e4. Mutta H\u00e4n oli se Uskollinen, K\u00e4rsiv\u00e4llinen, Lohduttaja ja Pelastaja.<\/p>\n<p>T\u00e4st\u00e4 Rakkaudesta ja Pelastajasta haluan olla kertomassa kaikkialla, miss\u00e4 miut vain vastaanotetaan. V\u00e4liin saatan laulaa jonkun laulunkin. Laulut ovat niin hoitavia ja parantavia, jopa t\u00e4llaisella hauraalla \u00e4\u00e4nell\u00e4. Mutta kun Pyh\u00e4 Henki yhtyy julistettuun sanaan ja lauluun, mit\u00e4 tahansa voi tapahtua. Halleluja!<\/p>\n<p>Vuonna 2012 minut siunattiin Savonlinnan Vapaaseurakunnan evankelistaksi (suosituskirja) ja nyt saan olla viem\u00e4ss\u00e4 ilosanomaa Tienaukaisijat ry:n riveist\u00e4 k\u00e4sin. Jos haluat olla tukemassa t\u00e4t\u00e4 palveluty\u00f6t\u00e4ni evankelistana Tienaukaisijat ry:n kautta, niin tilinumero viitteineen l\u00f6ytyy yhteystieto-osiosta.<\/p>\n<p>Olen Jumalalle hyvin kiitollinen t\u00e4st\u00e4 ty\u00f6yhteydest\u00e4 ja olen saanut tutustua moniin ihaniin Jumalan ihmisiin. Ty\u00f6 jatkukoon. Olemme toinen toistemme j\u00e4seni\u00e4 ja palvelukseen asetettuja, niit\u00e4 varten jotka autuuden periv\u00e4t. Toivottavasti n\u00e4emme pian?<\/p>\n<p>&#8220;Ja he voittivat Karitsan veren ja todistuksensa sanan kautta!&#8221; (Ilm. 12:11)<\/p>\n<p>Sinua siunaten<br \/>\nMatkakumppanisi<br \/>\nSari Matikainen, evankelista<\/p>\n<p>sari_matikainen (miuku) hotmail.com<br \/>\npuh 050-534 8078<\/p>\n","protected":false},"excerpt":{"rendered":"<p>Tervehdys yst\u00e4v\u00e4t! Miun nimi on Sari Matikainen. Uskoon tulin 19-vuotiaana. Ja siit\u00e4 l\u00e4htien olen Herran kanssa vaeltanut. Moni teist\u00e4 on kuullutkin el\u00e4m\u00e4ntiest\u00e4ni, joka on ollut pitk\u00e4 ja tuskallinen. Jumalan m\u00e4\u00e4r\u00e4ajat ovat kuitenkin aina oikeat ja t\u00e4ydelliset. H\u00e4n puhdisti ja vapautti miunkin rikkin\u00e4isen sisimp\u00e4ni, reilun 20 vuoden huutamisen j\u00e4lkeen, pime\u00e4n ja tuskaisen ajanjakson p\u00e4\u00e4tteeksi. Siit\u00e4 en [&hellip;]<\/p>\n","protected":false},"author":1,"featured_media":0,"parent":372,"menu_order":0,"comment_status":"closed","ping_status":"closed","template":"","meta":{"jetpack_post_was_ever_published":false,"footnotes":""},"class_list":["post-134","page","type-page","status-publish","hentry"],"jetpack_sharing_enabled":false,"jetpack_shortlink":"https:\/\/wp.me\/P6MyHJ-2a","_links":{"self":[{"href":"https:\/\/tienaukaisijat.vapaakirkko.com\/index.php?rest_route=\/wp\/v2\/pages\/134","targetHints":{"allow":["GET"]}}],"collection":[{"href":"https:\/\/tienaukaisijat.vapaakirkko.com\/index.php?rest_route=\/wp\/v2\/pages"}],"about":[{"href":"https:\/\/tienaukaisijat.vapaakirkko.com\/index.php?rest_route=\/wp\/v2\/types\/page"}],"author":[{"embeddable":true,"href":"https:\/\/tienaukaisijat.vapaakirkko.com\/index.php?rest_route=\/wp\/v2\/users\/1"}],"replies":[{"embeddable":true,"href":"https:\/\/tienaukaisijat.vapaakirkko.com\/index.php?rest_route=%2Fwp%2Fv2%2Fcomments&post=134"}],"version-history":[{"count":5,"href":"https:\/\/tienaukaisijat.vapaakirkko.com\/index.php?rest_route=\/wp\/v2\/pages\/134\/revisions"}],"predecessor-version":[{"id":679,"href":"https:\/\/tienaukaisijat.vapaakirkko.com\/index.php?rest_route=\/wp\/v2\/pages\/134\/revisions\/679"}],"up":[{"embeddable":true,"href":"https:\/\/tienaukaisijat.vapaakirkko.com\/index.php?rest_route=\/wp\/v2\/pages\/372"}],"wp:attachment":[{"href":"https:\/\/tienaukaisijat.vapaakirkko.com\/index.php?rest_route=%2Fwp%2Fv2%2Fmedia&parent=134"}],"curies":[{"name":"wp","href":"https:\/\/api.w.org\/{rel}","templated":true}]}}